{"id":176,"date":"2016-10-18T23:41:38","date_gmt":"2016-10-18T21:41:38","guid":{"rendered":"https:\/\/colegio-sma-yagox.c9users.io\/nomatriculados\/?page_id=176"},"modified":"2025-11-24T13:41:34","modified_gmt":"2025-11-24T12:41:34","slug":"oferta-educativa","status":"publish","type":"page","link":"https:\/\/sanmigueladoratrices.com\/nomatriculados\/oferta-educativa\/","title":{"rendered":"Oferta educativa"},"content":{"rendered":"<p><a href=\"https:\/\/sanmigueladoratrices.com\/nomatriculados\/wp-content\/uploads\/sites\/5\/2016\/11\/3-apartado-oferta-educativa.jpg\"><img loading=\"lazy\" decoding=\"async\" class=\"aligncenter wp-image-276 size-medium\" src=\"https:\/\/sanmigueladoratrices.com\/nomatriculados\/wp-content\/uploads\/sites\/5\/2016\/11\/3-apartado-oferta-educativa-300x169.jpg\" alt=\"3-apartado-oferta-educativa\" width=\"300\" height=\"169\" srcset=\"https:\/\/sanmigueladoratrices.com\/nomatriculados\/wp-content\/uploads\/sites\/5\/2016\/11\/3-apartado-oferta-educativa-300x169.jpg 300w, https:\/\/sanmigueladoratrices.com\/nomatriculados\/wp-content\/uploads\/sites\/5\/2016\/11\/3-apartado-oferta-educativa-768x432.jpg 768w, https:\/\/sanmigueladoratrices.com\/nomatriculados\/wp-content\/uploads\/sites\/5\/2016\/11\/3-apartado-oferta-educativa-600x338.jpg 600w, https:\/\/sanmigueladoratrices.com\/nomatriculados\/wp-content\/uploads\/sites\/5\/2016\/11\/3-apartado-oferta-educativa.jpg 960w\" sizes=\"auto, (max-width: 300px) 100vw, 300px\" \/><\/a><\/p>\n<p><strong>EDUCACI\u00d3N INFANTIL:<\/strong><\/p>\n<p>SOLICITUDES: Del 1 al 31 de Marzo.<\/p>\n<p>1\u00ba-2\u00ba-3\u00ba E. INFANTIL (De 3 a 5\u00a0a\u00f1os cumplidos en el a\u00f1o de iniciar el curso).<\/p>\n<p><strong>EDUCACI\u00d3N PRIMARIA:<\/strong><\/p>\n<p>SOLICITUDES: Del 1 al 31 de Marzo.<\/p>\n<p>1\u00ba-2\u00ba-3\u00ba-4\u00ba-5\u00ba-6\u00ba E. PRIMARIA (De 6 a 11 a\u00f1os cumplidos en el a\u00f1o de iniciar el curso).<\/p>\n<p><strong>E.S.O.:<\/strong><\/p>\n<p>SOLICITUDES: Del 1 al 31 de Marzo.<\/p>\n<p>1\u00ba-2\u00ba-3\u00ba-4\u00ba E.S.O. (De 12 a 15 a\u00f1os cumplidos en el a\u00f1o de iniciar el curso).<\/p>\n<p><a href=\"https:\/\/sanmigueladoratrices.com\/nomatriculados\/wp-content\/uploads\/sites\/5\/2016\/11\/3-bis-apartado-oferta-educativa.jpg\"><img loading=\"lazy\" decoding=\"async\" class=\"aligncenter wp-image-277 size-medium\" src=\"https:\/\/sanmigueladoratrices.com\/nomatriculados\/wp-content\/uploads\/sites\/5\/2016\/11\/3-bis-apartado-oferta-educativa-300x200.jpg\" alt=\"3-bis-apartado-oferta-educativa\" width=\"300\" height=\"200\" srcset=\"https:\/\/sanmigueladoratrices.com\/nomatriculados\/wp-content\/uploads\/sites\/5\/2016\/11\/3-bis-apartado-oferta-educativa-300x200.jpg 300w, https:\/\/sanmigueladoratrices.com\/nomatriculados\/wp-content\/uploads\/sites\/5\/2016\/11\/3-bis-apartado-oferta-educativa-768x513.jpg 768w, https:\/\/sanmigueladoratrices.com\/nomatriculados\/wp-content\/uploads\/sites\/5\/2016\/11\/3-bis-apartado-oferta-educativa-600x401.jpg 600w, https:\/\/sanmigueladoratrices.com\/nomatriculados\/wp-content\/uploads\/sites\/5\/2016\/11\/3-bis-apartado-oferta-educativa.jpg 960w\" sizes=\"auto, (max-width: 300px) 100vw, 300px\" \/><\/a><\/p>\n<p><strong>FORMACI\u00d3N PROFESIONAL B\u00c1SICA:<\/strong><\/p>\n<p>(SERVICIOS ADMINISTRATIVOS)<\/p>\n<p>SOLICITUDES: Del 1 al 10 de Julio.<\/p>\n<p>1\u00ba-2\u00ba CURSO DE F.P.B.<\/p>\n<p><span style=\"color: #0000ff;\"><strong><a style=\"color: #0000ff;\" href=\"https:\/\/sanmigueladoratrices.com\/nomatriculados\/wp-content\/uploads\/sites\/5\/2016\/10\/informacion-de-los-ciclos-formativos-y-fpb.pdf\">informacion de los ciclos formativos y fpb<\/a><\/strong><\/span><\/p>\n<p><span style=\"color: #0000ff;\"><strong><a style=\"color: #0000ff;\" href=\"https:\/\/sanmigueladoratrices.com\/nomatriculados\/wp-content\/uploads\/sites\/5\/2016\/10\/informacion-ciclo-de-enfermeria.pdf\">informacion ciclo de enfermeria<\/a><\/strong><\/span><\/p>\n<p><span style=\"color: #0000ff;\"><strong> <a style=\"color: #0000ff;\" href=\"https:\/\/sanmigueladoratrices.com\/nomatriculados\/wp-content\/uploads\/sites\/5\/2016\/10\/informacion-ciclo-de-farmacia.pdf\">informacion ciclo de farmacia<\/a><\/strong><\/span><\/p>\n<p><span style=\"color: #0000ff;\"><strong> <a style=\"color: #0000ff;\" href=\"https:\/\/sanmigueladoratrices.com\/nomatriculados\/wp-content\/uploads\/sites\/5\/2016\/10\/informacion-ciclo-de-gestion.pdf\">informacion ciclo de gestion<\/a><\/strong><\/span><\/p>\n<p><span style=\"color: #0000ff;\"><strong> <a style=\"color: #0000ff;\" href=\"https:\/\/sanmigueladoratrices.com\/nomatriculados\/wp-content\/uploads\/sites\/5\/2016\/10\/informacion-ciclo-de-laboratorio.pdf\">informacion ciclo de laboratorio<\/a><\/strong><\/span><\/p>\n<p><span style=\"color: #0000ff;\"><strong> <a style=\"color: #0000ff;\" href=\"https:\/\/sanmigueladoratrices.com\/nomatriculados\/wp-content\/uploads\/sites\/5\/2016\/10\/informacion-formacion-profesional-basica.pdf\">informacion formacion profesional basica<\/a><\/strong><\/span><\/p>\n<p><strong>FORMACI\u00d3N PROFESIONAL DE GRADO MEDIO:<\/strong><\/p>\n<p>(CICLOS FORMATIVOS GRADO MEDIO)<\/p>\n<p>SOLICITUDES: Del 15 al 30 de Junio.<\/p>\n<p>REQUISITOS DE ACCESO:<\/p>\n<p>CICLOS LOE:\u00a02 a\u00f1os acad\u00e9micos, el segundo a\u00f1o formaci\u00f3n en centros de trabajo de Marzo a Junio.<\/p>\n<ul>\n<li>OPERACIONES DE LABORATORIO ( 1\u00ba-2\u00ba CURSO).<\/li>\n<li>FARMACIA Y PARAFARMACIA ( 1\u00ba-2\u00ba CURSO).<\/li>\n<li>GESTI\u00d3N ADMINISTRATIVA ( 1\u00ba-2\u00ba CURSO).<\/li>\n<\/ul>\n<p>CICLOS LOGSE: 1 curso acad\u00e9mico completo, el segundo curso de Septiembre a Diciembre de formaci\u00f3n en centros de trabajo.<\/p>\n<ul>\n<li>CUIDADOS AUXILIARES DE ENFERMER\u00cdA<\/li>\n<\/ul>\n","protected":false},"excerpt":{"rendered":"<p>EDUCACI\u00d3N INFANTIL: SOLICITUDES: Del 1 al 31 de Marzo. 1\u00ba-2\u00ba-3\u00ba E. INFANTIL (De 3 a 5\u00a0a\u00f1os cumplidos en el a\u00f1o de iniciar el curso). EDUCACI\u00d3N PRIMARIA: SOLICITUDES: Del 1 al 31 de Marzo. 1\u00ba-2\u00ba-3\u00ba-4\u00ba-5\u00ba-6\u00ba E. PRIMARIA (De 6 a 11 a\u00f1os cumplidos en el a\u00f1o de iniciar el curso). E.S.O.: SOLICITUDES: Del 1 al 31 [&hellip;]<\/p>\n","protected":false},"author":1,"featured_media":0,"parent":0,"menu_order":61,"comment_status":"closed","ping_status":"closed","template":"","meta":{"footnotes":""},"class_list":["post-176","page","type-page","status-publish","hentry"],"_links":{"self":[{"href":"https:\/\/sanmigueladoratrices.com\/nomatriculados\/wp-json\/wp\/v2\/pages\/176","targetHints":{"allow":["GET"]}}],"collection":[{"href":"https:\/\/sanmigueladoratrices.com\/nomatriculados\/wp-json\/wp\/v2\/pages"}],"about":[{"href":"https:\/\/sanmigueladoratrices.com\/nomatriculados\/wp-json\/wp\/v2\/types\/page"}],"author":[{"embeddable":true,"href":"https:\/\/sanmigueladoratrices.com\/nomatriculados\/wp-json\/wp\/v2\/users\/1"}],"replies":[{"embeddable":true,"href":"https:\/\/sanmigueladoratrices.com\/nomatriculados\/wp-json\/wp\/v2\/comments?post=176"}],"version-history":[{"count":6,"href":"https:\/\/sanmigueladoratrices.com\/nomatriculados\/wp-json\/wp\/v2\/pages\/176\/revisions"}],"predecessor-version":[{"id":2637,"href":"https:\/\/sanmigueladoratrices.com\/nomatriculados\/wp-json\/wp\/v2\/pages\/176\/revisions\/2637"}],"wp:attachment":[{"href":"https:\/\/sanmigueladoratrices.com\/nomatriculados\/wp-json\/wp\/v2\/media?parent=176"}],"curies":[{"name":"wp","href":"https:\/\/api.w.org\/{rel}","templated":true}]}}